{"id":7,"date":"2023-03-03T12:51:22","date_gmt":"2023-03-03T12:51:22","guid":{"rendered":"https:\/\/villamonreve.fr\/?page_id=7"},"modified":"2023-03-09T16:49:36","modified_gmt":"2023-03-09T15:49:36","slug":"le-nouveau-e-mucem-ouvre-ses-portes-2","status":"publish","type":"page","link":"https:\/\/villamonreve.fr\/","title":{"rendered":"Location d&rsquo;espaces de travail priv\u00e9s et coworking \u00e0 Nice"},"content":{"rendered":"\n<div class=\"wp-block-group alignwide\"><div class=\"wp-block-group__inner-container is-layout-flow wp-block-group-is-layout-flow\">\n<h2 class=\"has-text-align-center has-large-font-size wp-block-heading\">Vous recherchez un endroit pour \u00e9tablir votre start-up ? Vous souhaitez appuyer la pr\u00e9sence g\u00e9ographique de votre soci\u00e9t\u00e9 ? Ou vous en avez simplement marre de travailler seul ? Retrouvez nos offres d&rsquo;espaces privatifs et coworking.<\/h2>\n<\/div><\/div>\n\n\n\n<div class=\"wp-block-columns alignwide is-layout-flex wp-container-core-columns-is-layout-9d6595d7 wp-block-columns-is-layout-flex\">\n<div class=\"wp-block-column is-layout-flow wp-block-column-is-layout-flow\">\n<div class=\"wp-block-group\"><div class=\"wp-block-group__inner-container is-layout-flow wp-block-group-is-layout-flow\">\n<figure class=\"wp-block-image alignfull size-full\"><img decoding=\"async\" src=\"https:\/\/villamonreve.fr\/wp-content\/themes\/twentytwenty\/assets\/images\/2020-three-quarters-1.png\" alt=\"\" class=\"wp-image-37\"\/><\/figure>\n\n\n\n<h3 class=\"wp-block-heading\">Coworking<\/h3>\n\n\n\n<p>Disponibles toute la journ\u00e9e, nos espaces de coworking vous permettent de travailler en bonne compagnie \u00e0 l&rsquo;int\u00e9rieur ou \u00e0 l&rsquo;ext\u00e9rieur.<\/p>\n\n\n\n<div class=\"wp-block-button is-style-outline is-style-outline--1\"><a class=\"wp-block-button__link wp-element-button\" href=\"https:\/\/villamonreve.fr\/?page_id=36\">Voir l&rsquo;offre<\/a><\/div>\n<\/div><\/div>\n<\/div>\n\n\n\n<div class=\"wp-block-column is-layout-flow wp-block-column-is-layout-flow\">\n<div class=\"wp-block-group\"><div class=\"wp-block-group__inner-container is-layout-flow wp-block-group-is-layout-flow\">\n<figure class=\"wp-block-image alignfull size-large\"><img loading=\"lazy\" decoding=\"async\" width=\"1024\" height=\"768\" src=\"https:\/\/villamonreve.fr\/wp-content\/uploads\/2023\/03\/L5_4-1024x768.jpg\" alt=\"\" class=\"wp-image-78\" srcset=\"https:\/\/villamonreve.fr\/wp-content\/uploads\/2023\/03\/L5_4-1024x768.jpg 1024w, https:\/\/villamonreve.fr\/wp-content\/uploads\/2023\/03\/L5_4-300x225.jpg 300w, https:\/\/villamonreve.fr\/wp-content\/uploads\/2023\/03\/L5_4-768x576.jpg 768w, https:\/\/villamonreve.fr\/wp-content\/uploads\/2023\/03\/L5_4-1536x1152.jpg 1536w, https:\/\/villamonreve.fr\/wp-content\/uploads\/2023\/03\/L5_4-2048x1536.jpg 2048w, https:\/\/villamonreve.fr\/wp-content\/uploads\/2023\/03\/L5_4-1200x900.jpg 1200w, https:\/\/villamonreve.fr\/wp-content\/uploads\/2023\/03\/L5_4-1980x1485.jpg 1980w\" sizes=\"auto, (max-width: 1024px) 100vw, 1024px\" \/><\/figure>\n\n\n\n<h3 class=\"wp-block-heading\">Bureaux priv\u00e9s<\/h3>\n\n\n\n<p>R\u00e9partis sur deux \u00e9tages, ces espaces privatifs vous permettent de travailler seul ou avec quelques-uns de vos coll\u00e8gues.<\/p>\n\n\n\n<div class=\"wp-block-button is-style-outline is-style-outline--2\"><a class=\"wp-block-button__link wp-element-button\" href=\"https:\/\/villamonreve.fr\/?page_id=36\">VOIR L&rsquo;OFFRE<\/a><\/div>\n<\/div><\/div>\n<\/div>\n<\/div>\n\n\n\n<figure class=\"wp-block-gallery alignfull has-nested-images columns-default is-cropped wp-block-gallery-3 is-layout-flex wp-block-gallery-is-layout-flex\">\n<figure class=\"wp-block-image size-large is-style-default\"><img loading=\"lazy\" decoding=\"async\" width=\"1024\" height=\"683\" data-id=\"85\" src=\"https:\/\/villamonreve.fr\/wp-content\/uploads\/2023\/03\/largeIMG_0758-1024x683.jpg\" alt=\"\" class=\"wp-image-85\" srcset=\"https:\/\/villamonreve.fr\/wp-content\/uploads\/2023\/03\/largeIMG_0758-1024x683.jpg 1024w, https:\/\/villamonreve.fr\/wp-content\/uploads\/2023\/03\/largeIMG_0758-300x200.jpg 300w, https:\/\/villamonreve.fr\/wp-content\/uploads\/2023\/03\/largeIMG_0758-768x512.jpg 768w, https:\/\/villamonreve.fr\/wp-content\/uploads\/2023\/03\/largeIMG_0758-1536x1024.jpg 1536w, https:\/\/villamonreve.fr\/wp-content\/uploads\/2023\/03\/largeIMG_0758-2048x1365.jpg 2048w, https:\/\/villamonreve.fr\/wp-content\/uploads\/2023\/03\/largeIMG_0758-1200x800.jpg 1200w, https:\/\/villamonreve.fr\/wp-content\/uploads\/2023\/03\/largeIMG_0758-1980x1320.jpg 1980w\" sizes=\"auto, (max-width: 1024px) 100vw, 1024px\" \/><\/figure>\n\n\n\n<figure class=\"wp-block-image size-large\"><img loading=\"lazy\" decoding=\"async\" width=\"1024\" height=\"683\" data-id=\"86\" src=\"https:\/\/villamonreve.fr\/wp-content\/uploads\/2023\/03\/IMG_0763-1-1024x683.jpg\" alt=\"\" class=\"wp-image-86\" srcset=\"https:\/\/villamonreve.fr\/wp-content\/uploads\/2023\/03\/IMG_0763-1-1024x683.jpg 1024w, https:\/\/villamonreve.fr\/wp-content\/uploads\/2023\/03\/IMG_0763-1-300x200.jpg 300w, https:\/\/villamonreve.fr\/wp-content\/uploads\/2023\/03\/IMG_0763-1-768x512.jpg 768w, https:\/\/villamonreve.fr\/wp-content\/uploads\/2023\/03\/IMG_0763-1-1536x1024.jpg 1536w, https:\/\/villamonreve.fr\/wp-content\/uploads\/2023\/03\/IMG_0763-1-2048x1365.jpg 2048w, https:\/\/villamonreve.fr\/wp-content\/uploads\/2023\/03\/IMG_0763-1-1200x800.jpg 1200w, https:\/\/villamonreve.fr\/wp-content\/uploads\/2023\/03\/IMG_0763-1-1980x1320.jpg 1980w\" sizes=\"auto, (max-width: 1024px) 100vw, 1024px\" \/><\/figure>\n<\/figure>\n\n\n\n<div class=\"wp-block-group alignwide\"><div class=\"wp-block-group__inner-container is-layout-flow wp-block-group-is-layout-flow\">\n<h2 class=\"has-text-align-center has-accent-color has-text-color wp-block-heading\">Ils nous font confiance :<\/h2>\n<\/div><\/div>\n\n\n<div class=\"wp-block-image is-style-default\">\n<figure class=\"aligncenter size-full\"><img loading=\"lazy\" decoding=\"async\" width=\"692\" height=\"326\" src=\"https:\/\/villamonreve.fr\/wp-content\/uploads\/2023\/03\/Screenshot_47.png\" alt=\"\" class=\"wp-image-88\" srcset=\"https:\/\/villamonreve.fr\/wp-content\/uploads\/2023\/03\/Screenshot_47.png 692w, https:\/\/villamonreve.fr\/wp-content\/uploads\/2023\/03\/Screenshot_47-300x141.png 300w\" sizes=\"auto, (max-width: 692px) 100vw, 692px\" \/><\/figure>\n<\/div>","protected":false},"excerpt":{"rendered":"<p>Vous recherchez un endroit pour \u00e9tablir votre start-up ? Vous souhaitez appuyer la pr\u00e9sence g\u00e9ographique de votre soci\u00e9t\u00e9 ? Ou vous en avez simplement marre de travailler seul ? Retrouvez nos offres d&rsquo;espaces privatifs et coworking. Coworking Disponibles toute la journ\u00e9e, nos espaces de coworking vous permettent de travailler en bonne compagnie \u00e0 l&rsquo;int\u00e9rieur ou [&hellip;]<\/p>\n","protected":false},"author":2,"featured_media":6,"parent":0,"menu_order":0,"comment_status":"closed","ping_status":"closed","template":"","meta":{"footnotes":""},"class_list":["post-7","page","type-page","status-publish","has-post-thumbnail","hentry"],"yoast_head":"<!-- This site is optimized with the Yoast SEO plugin v25.6 - https:\/\/yoast.com\/wordpress\/plugins\/seo\/ -->\n<title>Location d&#039;espaces de travail priv\u00e9s et coworking \u00e0 Nice - Villa Mon R\u00eave, un lieu pour travailler, \u00e9changer et s\u00e9journer \u00e0 Nice<\/title>\n<meta name=\"robots\" content=\"index, follow, max-snippet:-1, max-image-preview:large, max-video-preview:-1\" \/>\n<link rel=\"canonical\" href=\"https:\/\/villamonreve.fr\/\" \/>\n<meta property=\"og:locale\" content=\"fr_FR\" \/>\n<meta property=\"og:type\" content=\"article\" \/>\n<meta property=\"og:title\" content=\"Location d&#039;espaces de travail priv\u00e9s et coworking \u00e0 Nice - Villa Mon R\u00eave, un lieu pour travailler, \u00e9changer et s\u00e9journer \u00e0 Nice\" \/>\n<meta property=\"og:description\" content=\"Vous recherchez un endroit pour \u00e9tablir votre start-up ? Vous souhaitez appuyer la pr\u00e9sence g\u00e9ographique de votre soci\u00e9t\u00e9 ? Ou vous en avez simplement marre de travailler seul ? Retrouvez nos offres d&rsquo;espaces privatifs et coworking. Coworking Disponibles toute la journ\u00e9e, nos espaces de coworking vous permettent de travailler en bonne compagnie \u00e0 l&rsquo;int\u00e9rieur ou [&hellip;]\" \/>\n<meta property=\"og:url\" content=\"https:\/\/villamonreve.fr\/\" \/>\n<meta property=\"og:site_name\" content=\"Villa Mon R\u00eave, un lieu pour travailler, \u00e9changer et s\u00e9journer \u00e0 Nice\" \/>\n<meta property=\"article:modified_time\" content=\"2023-03-09T15:49:36+00:00\" \/>\n<meta property=\"og:image\" content=\"https:\/\/villamonreve.fr\/wp-content\/uploads\/2023\/03\/2020-landscape-1.png\" \/>\n\t<meta property=\"og:image:width\" content=\"1200\" \/>\n\t<meta property=\"og:image:height\" content=\"769\" \/>\n\t<meta property=\"og:image:type\" content=\"image\/png\" \/>\n<meta name=\"twitter:card\" content=\"summary_large_image\" \/>\n<meta name=\"twitter:label1\" content=\"Dur\u00e9e de lecture estim\u00e9e\" \/>\n\t<meta name=\"twitter:data1\" content=\"2 minutes\" \/>\n<script type=\"application\/ld+json\" class=\"yoast-schema-graph\">{\"@context\":\"https:\/\/schema.org\",\"@graph\":[{\"@type\":\"WebPage\",\"@id\":\"https:\/\/villamonreve.fr\/\",\"url\":\"https:\/\/villamonreve.fr\/\",\"name\":\"Location d'espaces de travail priv\u00e9s et coworking \u00e0 Nice - Villa Mon R\u00eave, un lieu pour travailler, \u00e9changer et s\u00e9journer \u00e0 Nice\",\"isPartOf\":{\"@id\":\"https:\/\/villamonreve.fr\/#website\"},\"primaryImageOfPage\":{\"@id\":\"https:\/\/villamonreve.fr\/#primaryimage\"},\"image\":{\"@id\":\"https:\/\/villamonreve.fr\/#primaryimage\"},\"thumbnailUrl\":\"https:\/\/villamonreve.fr\/wp-content\/uploads\/2023\/03\/2020-landscape-1.png\",\"datePublished\":\"2023-03-03T12:51:22+00:00\",\"dateModified\":\"2023-03-09T15:49:36+00:00\",\"breadcrumb\":{\"@id\":\"https:\/\/villamonreve.fr\/#breadcrumb\"},\"inLanguage\":\"fr-FR\",\"potentialAction\":[{\"@type\":\"ReadAction\",\"target\":[\"https:\/\/villamonreve.fr\/\"]}]},{\"@type\":\"ImageObject\",\"inLanguage\":\"fr-FR\",\"@id\":\"https:\/\/villamonreve.fr\/#primaryimage\",\"url\":\"https:\/\/villamonreve.fr\/wp-content\/uploads\/2023\/03\/2020-landscape-1.png\",\"contentUrl\":\"https:\/\/villamonreve.fr\/wp-content\/uploads\/2023\/03\/2020-landscape-1.png\",\"width\":1200,\"height\":769},{\"@type\":\"BreadcrumbList\",\"@id\":\"https:\/\/villamonreve.fr\/#breadcrumb\",\"itemListElement\":[{\"@type\":\"ListItem\",\"position\":1,\"name\":\"Accueil\",\"item\":\"https:\/\/villamonreve.fr\/\"},{\"@type\":\"ListItem\",\"position\":2,\"name\":\"Location d&rsquo;espaces de travail priv\u00e9s et coworking \u00e0 Nice\"}]},{\"@type\":\"WebSite\",\"@id\":\"https:\/\/villamonreve.fr\/#website\",\"url\":\"https:\/\/villamonreve.fr\/\",\"name\":\"Villa Mon R\u00eave, un lieu pour travailler, \u00e9changer et s\u00e9journer \u00e0 Nice\",\"description\":\"Des bureaux priv\u00e9s, du coworking chaleureux et des s\u00e9jours confortables dans une villa \u00e9l\u00e9gante \u00e0 deux pas de l\u2019a\u00e9roport.\",\"potentialAction\":[{\"@type\":\"SearchAction\",\"target\":{\"@type\":\"EntryPoint\",\"urlTemplate\":\"https:\/\/villamonreve.fr\/?s={search_term_string}\"},\"query-input\":{\"@type\":\"PropertyValueSpecification\",\"valueRequired\":true,\"valueName\":\"search_term_string\"}}],\"inLanguage\":\"fr-FR\"}]}<\/script>\n<!-- \/ Yoast SEO plugin. -->","yoast_head_json":{"title":"Location d'espaces de travail priv\u00e9s et coworking \u00e0 Nice - Villa Mon R\u00eave, un lieu pour travailler, \u00e9changer et s\u00e9journer \u00e0 Nice","robots":{"index":"index","follow":"follow","max-snippet":"max-snippet:-1","max-image-preview":"max-image-preview:large","max-video-preview":"max-video-preview:-1"},"canonical":"https:\/\/villamonreve.fr\/","og_locale":"fr_FR","og_type":"article","og_title":"Location d'espaces de travail priv\u00e9s et coworking \u00e0 Nice - Villa Mon R\u00eave, un lieu pour travailler, \u00e9changer et s\u00e9journer \u00e0 Nice","og_description":"Vous recherchez un endroit pour \u00e9tablir votre start-up ? Vous souhaitez appuyer la pr\u00e9sence g\u00e9ographique de votre soci\u00e9t\u00e9 ? Ou vous en avez simplement marre de travailler seul ? Retrouvez nos offres d&rsquo;espaces privatifs et coworking. Coworking Disponibles toute la journ\u00e9e, nos espaces de coworking vous permettent de travailler en bonne compagnie \u00e0 l&rsquo;int\u00e9rieur ou [&hellip;]","og_url":"https:\/\/villamonreve.fr\/","og_site_name":"Villa Mon R\u00eave, un lieu pour travailler, \u00e9changer et s\u00e9journer \u00e0 Nice","article_modified_time":"2023-03-09T15:49:36+00:00","og_image":[{"width":1200,"height":769,"url":"https:\/\/villamonreve.fr\/wp-content\/uploads\/2023\/03\/2020-landscape-1.png","type":"image\/png"}],"twitter_card":"summary_large_image","twitter_misc":{"Dur\u00e9e de lecture estim\u00e9e":"2 minutes"},"schema":{"@context":"https:\/\/schema.org","@graph":[{"@type":"WebPage","@id":"https:\/\/villamonreve.fr\/","url":"https:\/\/villamonreve.fr\/","name":"Location d'espaces de travail priv\u00e9s et coworking \u00e0 Nice - Villa Mon R\u00eave, un lieu pour travailler, \u00e9changer et s\u00e9journer \u00e0 Nice","isPartOf":{"@id":"https:\/\/villamonreve.fr\/#website"},"primaryImageOfPage":{"@id":"https:\/\/villamonreve.fr\/#primaryimage"},"image":{"@id":"https:\/\/villamonreve.fr\/#primaryimage"},"thumbnailUrl":"https:\/\/villamonreve.fr\/wp-content\/uploads\/2023\/03\/2020-landscape-1.png","datePublished":"2023-03-03T12:51:22+00:00","dateModified":"2023-03-09T15:49:36+00:00","breadcrumb":{"@id":"https:\/\/villamonreve.fr\/#breadcrumb"},"inLanguage":"fr-FR","potentialAction":[{"@type":"ReadAction","target":["https:\/\/villamonreve.fr\/"]}]},{"@type":"ImageObject","inLanguage":"fr-FR","@id":"https:\/\/villamonreve.fr\/#primaryimage","url":"https:\/\/villamonreve.fr\/wp-content\/uploads\/2023\/03\/2020-landscape-1.png","contentUrl":"https:\/\/villamonreve.fr\/wp-content\/uploads\/2023\/03\/2020-landscape-1.png","width":1200,"height":769},{"@type":"BreadcrumbList","@id":"https:\/\/villamonreve.fr\/#breadcrumb","itemListElement":[{"@type":"ListItem","position":1,"name":"Accueil","item":"https:\/\/villamonreve.fr\/"},{"@type":"ListItem","position":2,"name":"Location d&rsquo;espaces de travail priv\u00e9s et coworking \u00e0 Nice"}]},{"@type":"WebSite","@id":"https:\/\/villamonreve.fr\/#website","url":"https:\/\/villamonreve.fr\/","name":"Villa Mon R\u00eave, un lieu pour travailler, \u00e9changer et s\u00e9journer \u00e0 Nice","description":"Des bureaux priv\u00e9s, du coworking chaleureux et des s\u00e9jours confortables dans une villa \u00e9l\u00e9gante \u00e0 deux pas de l\u2019a\u00e9roport.","potentialAction":[{"@type":"SearchAction","target":{"@type":"EntryPoint","urlTemplate":"https:\/\/villamonreve.fr\/?s={search_term_string}"},"query-input":{"@type":"PropertyValueSpecification","valueRequired":true,"valueName":"search_term_string"}}],"inLanguage":"fr-FR"}]}},"_links":{"self":[{"href":"https:\/\/villamonreve.fr\/index.php?rest_route=\/wp\/v2\/pages\/7","targetHints":{"allow":["GET"]}}],"collection":[{"href":"https:\/\/villamonreve.fr\/index.php?rest_route=\/wp\/v2\/pages"}],"about":[{"href":"https:\/\/villamonreve.fr\/index.php?rest_route=\/wp\/v2\/types\/page"}],"author":[{"embeddable":true,"href":"https:\/\/villamonreve.fr\/index.php?rest_route=\/wp\/v2\/users\/2"}],"replies":[{"embeddable":true,"href":"https:\/\/villamonreve.fr\/index.php?rest_route=%2Fwp%2Fv2%2Fcomments&post=7"}],"version-history":[{"count":12,"href":"https:\/\/villamonreve.fr\/index.php?rest_route=\/wp\/v2\/pages\/7\/revisions"}],"predecessor-version":[{"id":90,"href":"https:\/\/villamonreve.fr\/index.php?rest_route=\/wp\/v2\/pages\/7\/revisions\/90"}],"wp:featuredmedia":[{"embeddable":true,"href":"https:\/\/villamonreve.fr\/index.php?rest_route=\/wp\/v2\/media\/6"}],"wp:attachment":[{"href":"https:\/\/villamonreve.fr\/index.php?rest_route=%2Fwp%2Fv2%2Fmedia&parent=7"}],"curies":[{"name":"wp","href":"https:\/\/api.w.org\/{rel}","templated":true}]}}