{"id":9,"date":"2023-03-03T12:51:23","date_gmt":"2023-03-03T12:51:23","guid":{"rendered":"https:\/\/villamonreve.fr\/?page_id=9"},"modified":"2023-03-06T12:07:33","modified_gmt":"2023-03-06T12:07:33","slug":"contact","status":"publish","type":"page","link":"https:\/\/villamonreve.fr\/?page_id=9","title":{"rendered":"Contactez-nous !"},"content":{"rendered":"\n<p>Nous nous engageons \u00e0 utiliser vos informations uniquement dans le but de vous contacter personnellement et \u00e0 ne pas transmettre vos donn\u00e9es quelle qu&rsquo;en soit la finalit\u00e9.<\/p>\n\n\n\n<div class=\"wp-block-contact-form-7-contact-form-selector\">\n<div class=\"wpcf7 no-js\" id=\"wpcf7-f4-o1\" lang=\"fr-FR\" dir=\"ltr\" data-wpcf7-id=\"4\">\n<div class=\"screen-reader-response\"><p role=\"status\" aria-live=\"polite\" aria-atomic=\"true\"><\/p> <ul><\/ul><\/div>\n<form action=\"\/index.php?rest_route=%2Fwp%2Fv2%2Fpages%2F9#wpcf7-f4-o1\" method=\"post\" class=\"wpcf7-form init\" aria-label=\"Formulaire de contact\" novalidate=\"novalidate\" data-status=\"init\">\n<fieldset class=\"hidden-fields-container\"><input type=\"hidden\" name=\"_wpcf7\" value=\"4\" \/><input type=\"hidden\" name=\"_wpcf7_version\" value=\"6.1\" \/><input type=\"hidden\" name=\"_wpcf7_locale\" value=\"fr_FR\" \/><input type=\"hidden\" name=\"_wpcf7_unit_tag\" value=\"wpcf7-f4-o1\" \/><input type=\"hidden\" name=\"_wpcf7_container_post\" value=\"0\" \/><input type=\"hidden\" name=\"_wpcf7_posted_data_hash\" value=\"\" \/>\n<\/fieldset>\n<p><label> Nom<br \/>\n<span class=\"wpcf7-form-control-wrap\" data-name=\"your-name\"><input size=\"40\" maxlength=\"400\" class=\"wpcf7-form-control wpcf7-text wpcf7-validates-as-required\" autocomplete=\"name\" aria-required=\"true\" aria-invalid=\"false\" value=\"\" type=\"text\" name=\"your-name\" \/><\/span> <\/label>\n<\/p>\n<p><label> E-mail<br \/>\n<span class=\"wpcf7-form-control-wrap\" data-name=\"your-email\"><input size=\"40\" maxlength=\"400\" class=\"wpcf7-form-control wpcf7-email wpcf7-validates-as-required wpcf7-text wpcf7-validates-as-email\" autocomplete=\"email\" aria-required=\"true\" aria-invalid=\"false\" value=\"\" type=\"email\" name=\"your-email\" \/><\/span> <\/label>\n<\/p>\n<p><label> T\u00e9l\u00e9phone<br \/>\n<span class=\"wpcf7-form-control-wrap\" data-name=\"tel-532\"><input size=\"40\" maxlength=\"400\" class=\"wpcf7-form-control wpcf7-tel wpcf7-validates-as-required wpcf7-text wpcf7-validates-as-tel\" aria-required=\"true\" aria-invalid=\"false\" value=\"\" type=\"tel\" name=\"tel-532\" \/><\/span> <\/label>\n<\/p>\n<p><label> Soci\u00e9t\u00e9<br \/>\n<span class=\"wpcf7-form-control-wrap\" data-name=\"text-530\"><input size=\"40\" maxlength=\"400\" class=\"wpcf7-form-control wpcf7-text wpcf7-validates-as-required\" aria-required=\"true\" aria-invalid=\"false\" value=\"\" type=\"text\" name=\"text-530\" \/><\/span> <\/label>\n<\/p>\n<p><label> Votre message<br \/>\n<span class=\"wpcf7-form-control-wrap\" data-name=\"your-message\"><textarea cols=\"40\" rows=\"10\" maxlength=\"2000\" class=\"wpcf7-form-control wpcf7-textarea\" aria-invalid=\"false\" name=\"your-message\"><\/textarea><\/span> <\/label>\n<\/p>\n<p><input class=\"wpcf7-form-control wpcf7-submit has-spinner\" type=\"submit\" value=\"Envoyer\" \/>\n<\/p><div class=\"wpcf7-response-output\" aria-hidden=\"true\"><\/div>\n<\/form>\n<\/div>\n<\/div>\n\n\n\n<pre class=\"wp-block-code\"><code><iframe src=\"https:\/\/www.google.com\/maps\/embed?pb=!1m18!1m12!1m3!1d510.1219356794119!2d7.225924249925218!3d43.67551150823907!2m3!1f0!2f0!3f0!3m2!1i1024!2i768!4f13.1!3m3!1m2!1s0x12cdd0ff196a07ad%3A0x712559fe28f4a13e!2sbureaux%20%C3%A0%20louer%20courte%20longue%20dur%C3%A9e!5e0!3m2!1sfr!2sfr!4v1678104301992!5m2!1sfr!2sfr\" width=\"600\" height=\"450\" style=\"border:0;\" allowfullscreen=\"\" loading=\"lazy\" referrerpolicy=\"no-referrer-when-downgrade\"><\/iframe><\/code><\/pre>\n","protected":false},"excerpt":{"rendered":"<p>Nous nous engageons \u00e0 utiliser vos informations uniquement dans le but de vous contacter personnellement et \u00e0 ne pas transmettre vos donn\u00e9es quelle qu&rsquo;en soit la finalit\u00e9.<\/p>\n","protected":false},"author":2,"featured_media":0,"parent":0,"menu_order":0,"comment_status":"closed","ping_status":"closed","template":"","meta":{"footnotes":""},"class_list":["post-9","page","type-page","status-publish","hentry"],"yoast_head":"<!-- This site is optimized with the Yoast SEO plugin v25.6 - https:\/\/yoast.com\/wordpress\/plugins\/seo\/ -->\n<title>Contactez-nous ! - Villa Mon R\u00eave, un lieu pour travailler, \u00e9changer et s\u00e9journer \u00e0 Nice<\/title>\n<meta name=\"robots\" content=\"index, follow, max-snippet:-1, max-image-preview:large, max-video-preview:-1\" \/>\n<link rel=\"canonical\" href=\"https:\/\/villamonreve.fr\/?page_id=9\" \/>\n<meta property=\"og:locale\" content=\"fr_FR\" \/>\n<meta property=\"og:type\" content=\"article\" \/>\n<meta property=\"og:title\" content=\"Contactez-nous ! - Villa Mon R\u00eave, un lieu pour travailler, \u00e9changer et s\u00e9journer \u00e0 Nice\" \/>\n<meta property=\"og:description\" content=\"Nous nous engageons \u00e0 utiliser vos informations uniquement dans le but de vous contacter personnellement et \u00e0 ne pas transmettre vos donn\u00e9es quelle qu&rsquo;en soit la finalit\u00e9.\" \/>\n<meta property=\"og:url\" content=\"https:\/\/villamonreve.fr\/?page_id=9\" \/>\n<meta property=\"og:site_name\" content=\"Villa Mon R\u00eave, un lieu pour travailler, \u00e9changer et s\u00e9journer \u00e0 Nice\" \/>\n<meta property=\"article:modified_time\" content=\"2023-03-06T12:07:33+00:00\" \/>\n<meta name=\"twitter:card\" content=\"summary_large_image\" \/>\n<meta name=\"twitter:label1\" content=\"Dur\u00e9e de lecture estim\u00e9e\" \/>\n\t<meta name=\"twitter:data1\" content=\"1 minute\" \/>\n<script type=\"application\/ld+json\" class=\"yoast-schema-graph\">{\"@context\":\"https:\/\/schema.org\",\"@graph\":[{\"@type\":\"WebPage\",\"@id\":\"https:\/\/villamonreve.fr\/?page_id=9\",\"url\":\"https:\/\/villamonreve.fr\/?page_id=9\",\"name\":\"Contactez-nous ! - Villa Mon R\u00eave, un lieu pour travailler, \u00e9changer et s\u00e9journer \u00e0 Nice\",\"isPartOf\":{\"@id\":\"https:\/\/villamonreve.fr\/#website\"},\"datePublished\":\"2023-03-03T12:51:23+00:00\",\"dateModified\":\"2023-03-06T12:07:33+00:00\",\"breadcrumb\":{\"@id\":\"https:\/\/villamonreve.fr\/?page_id=9#breadcrumb\"},\"inLanguage\":\"fr-FR\",\"potentialAction\":[{\"@type\":\"ReadAction\",\"target\":[\"https:\/\/villamonreve.fr\/?page_id=9\"]}]},{\"@type\":\"BreadcrumbList\",\"@id\":\"https:\/\/villamonreve.fr\/?page_id=9#breadcrumb\",\"itemListElement\":[{\"@type\":\"ListItem\",\"position\":1,\"name\":\"Accueil\",\"item\":\"https:\/\/villamonreve.fr\/\"},{\"@type\":\"ListItem\",\"position\":2,\"name\":\"Contactez-nous !\"}]},{\"@type\":\"WebSite\",\"@id\":\"https:\/\/villamonreve.fr\/#website\",\"url\":\"https:\/\/villamonreve.fr\/\",\"name\":\"Villa Mon R\u00eave, un lieu pour travailler, \u00e9changer et s\u00e9journer \u00e0 Nice\",\"description\":\"Des bureaux priv\u00e9s, du coworking chaleureux et des s\u00e9jours confortables dans une villa \u00e9l\u00e9gante \u00e0 deux pas de l\u2019a\u00e9roport.\",\"potentialAction\":[{\"@type\":\"SearchAction\",\"target\":{\"@type\":\"EntryPoint\",\"urlTemplate\":\"https:\/\/villamonreve.fr\/?s={search_term_string}\"},\"query-input\":{\"@type\":\"PropertyValueSpecification\",\"valueRequired\":true,\"valueName\":\"search_term_string\"}}],\"inLanguage\":\"fr-FR\"}]}<\/script>\n<!-- \/ Yoast SEO plugin. -->","yoast_head_json":{"title":"Contactez-nous ! - Villa Mon R\u00eave, un lieu pour travailler, \u00e9changer et s\u00e9journer \u00e0 Nice","robots":{"index":"index","follow":"follow","max-snippet":"max-snippet:-1","max-image-preview":"max-image-preview:large","max-video-preview":"max-video-preview:-1"},"canonical":"https:\/\/villamonreve.fr\/?page_id=9","og_locale":"fr_FR","og_type":"article","og_title":"Contactez-nous ! - Villa Mon R\u00eave, un lieu pour travailler, \u00e9changer et s\u00e9journer \u00e0 Nice","og_description":"Nous nous engageons \u00e0 utiliser vos informations uniquement dans le but de vous contacter personnellement et \u00e0 ne pas transmettre vos donn\u00e9es quelle qu&rsquo;en soit la finalit\u00e9.","og_url":"https:\/\/villamonreve.fr\/?page_id=9","og_site_name":"Villa Mon R\u00eave, un lieu pour travailler, \u00e9changer et s\u00e9journer \u00e0 Nice","article_modified_time":"2023-03-06T12:07:33+00:00","twitter_card":"summary_large_image","twitter_misc":{"Dur\u00e9e de lecture estim\u00e9e":"1 minute"},"schema":{"@context":"https:\/\/schema.org","@graph":[{"@type":"WebPage","@id":"https:\/\/villamonreve.fr\/?page_id=9","url":"https:\/\/villamonreve.fr\/?page_id=9","name":"Contactez-nous ! - Villa Mon R\u00eave, un lieu pour travailler, \u00e9changer et s\u00e9journer \u00e0 Nice","isPartOf":{"@id":"https:\/\/villamonreve.fr\/#website"},"datePublished":"2023-03-03T12:51:23+00:00","dateModified":"2023-03-06T12:07:33+00:00","breadcrumb":{"@id":"https:\/\/villamonreve.fr\/?page_id=9#breadcrumb"},"inLanguage":"fr-FR","potentialAction":[{"@type":"ReadAction","target":["https:\/\/villamonreve.fr\/?page_id=9"]}]},{"@type":"BreadcrumbList","@id":"https:\/\/villamonreve.fr\/?page_id=9#breadcrumb","itemListElement":[{"@type":"ListItem","position":1,"name":"Accueil","item":"https:\/\/villamonreve.fr\/"},{"@type":"ListItem","position":2,"name":"Contactez-nous !"}]},{"@type":"WebSite","@id":"https:\/\/villamonreve.fr\/#website","url":"https:\/\/villamonreve.fr\/","name":"Villa Mon R\u00eave, un lieu pour travailler, \u00e9changer et s\u00e9journer \u00e0 Nice","description":"Des bureaux priv\u00e9s, du coworking chaleureux et des s\u00e9jours confortables dans une villa \u00e9l\u00e9gante \u00e0 deux pas de l\u2019a\u00e9roport.","potentialAction":[{"@type":"SearchAction","target":{"@type":"EntryPoint","urlTemplate":"https:\/\/villamonreve.fr\/?s={search_term_string}"},"query-input":{"@type":"PropertyValueSpecification","valueRequired":true,"valueName":"search_term_string"}}],"inLanguage":"fr-FR"}]}},"_links":{"self":[{"href":"https:\/\/villamonreve.fr\/index.php?rest_route=\/wp\/v2\/pages\/9","targetHints":{"allow":["GET"]}}],"collection":[{"href":"https:\/\/villamonreve.fr\/index.php?rest_route=\/wp\/v2\/pages"}],"about":[{"href":"https:\/\/villamonreve.fr\/index.php?rest_route=\/wp\/v2\/types\/page"}],"author":[{"embeddable":true,"href":"https:\/\/villamonreve.fr\/index.php?rest_route=\/wp\/v2\/users\/2"}],"replies":[{"embeddable":true,"href":"https:\/\/villamonreve.fr\/index.php?rest_route=%2Fwp%2Fv2%2Fcomments&post=9"}],"version-history":[{"count":6,"href":"https:\/\/villamonreve.fr\/index.php?rest_route=\/wp\/v2\/pages\/9\/revisions"}],"predecessor-version":[{"id":43,"href":"https:\/\/villamonreve.fr\/index.php?rest_route=\/wp\/v2\/pages\/9\/revisions\/43"}],"wp:attachment":[{"href":"https:\/\/villamonreve.fr\/index.php?rest_route=%2Fwp%2Fv2%2Fmedia&parent=9"}],"curies":[{"name":"wp","href":"https:\/\/api.w.org\/{rel}","templated":true}]}}